 64 + -18)?
-26
-21 + (-9 - (-34 + 16))
-12
Evaluate (14 + -9 - (-2 + 1) - -6) + 0.
12
What is (-2 + 8 - 20) + -3 + 12?
-5
48 + 1 - (760 + -724)
13
What is (15 - 6) + 2 + -6 + 0?
5
What is the value of -3 + 11 - (9 - 12)?
11
What is 13 + 0 + (5 - 12) + 13?
19
22 - (-4 + (-5 - -13)) - 3
15
Evaluate 15 + (-5 - -18) + -26.
2
Evaluate (-4 - -13 - 21) + -1.
-13
Calculate -1 - 3 - (5 + -4) - (-6 - 0).
1
Calculate 28 + -1 - (198 - 166).
-5
What is the value of 851 - 845 - ((1 - 2) + 2 - 4)?
9
Evaluate 0 - -21 - (150 + -142).
13
What is (214 - 196) + 2 + -12?
8
(17 - (0 + 0)) + -12
5
What is the value of -9 + 25 + 3 + -9 + -1 + -29?
-20
What is 2 + 13 + -30 - -28?
13
What is 12 + (-6 - (-18 + 39 - 9))?
-6
Calculate 45 - 34 - -18 - 28.
1
What is -1 + (-56 - -24 - -10)?
-23
What is the value of (4 - (3 + -5 - -24)) + (-12 - -20)?
-10
Evaluate -1 - (-9 - -7 - (-6 + 1)).
-4
What is -43 - (8 + (-19 - 20))?
-12
What is the value of 2 + -35 + (1 - (-3 + (12 - 10)))?
-31
What is the value of 18 + -40 + 15 + 0?
-7
(1 - -6) + -59 + 69 + (-13 - 1)
3
Evaluate 54 - 52 - ((1 - 8) + -3).
12
-56 + 55 + 5 + 1 + -2 + 2
5
What is 1 - ((5 - 15) + (2 - -3) - -14)?
-8
Evaluate -12 + (13 - (9 + -21 + 18)).
-5
What is the value of 2 + -10 - (-8 - (8 - 17) - 4)?
-5
What is 8 + (-16 - -12) + -4?
0
What is (-27 - 1) + (-1216 - -1278)?
34
-1 + -14 + 15 + -11 + 5
-6
7 - 9 - ((5 - 8) + 9)
-8
(20 - (1 - 0)) + (-6 - -2)
15
Evaluate 36 + 1 + -20 + -31.
-14
What is the value of -22 + (-28 - -45) + 18?
13
Calculate 64 + -16 + -57 - (18 - -1).
-28
What is the value of 1 - 0 - -8 - (7 + (-5 - 0))?
7
Evaluate (13 - 6) + 1 - 15.
-7
What is -1313 + 1310 + (-15 - 1 - (1 - 3))?
-17
Evaluate 8 + (-15 - (-13 - -12 - -11)).
-17
Calculate -6 + (2 - 0) + 75 + -77.
-6
What is the value of (-1 - -9) + 11 + -2?
17
(-16 - (-25 - 7)) + -7
9
Evaluate -126 - -122 - (1 - (1 + 3) - 18).
17
What is the value of 7 + -1 + (3 - (6 - 2)) + -7?
-2
Evaluate 17 - (5 + -9) - (0 + -1 + -1).
23
What is 18 + (0 + -39 + 9 - -9)?
-3
Calculate -1 + -16 + (3 + -15 - -9 - -2).
-18
(-38 + 20 - -23) + (1 - 10)
-4
Calculate -10 - -2 - (-96 + 104) - -29.
13
Calculate (-173 - -170) + -18 + -1 + -1.
-23
6 + -17 + -13 - -14 - 14
-24
What is the value of 77 + -52 + -2 + -30?
-7
Evaluate -48 - -42 - (-18 + -3).
15
1 - (14 + -10 - (0 + 30 + -6))
21
Calculate -12 + 2 - (-12 + (-14 - -28)).
-12
What is the value of 184 - 205 - (-4 + -35)?
18
What is 18 + -10 + (4 + -26 - -3)?
-11
What is 9 - 3 - (-8 - (0 - (-28 - -18)))?
24
What is (-8 - -8) + 18 + -18 + 2?
2
Evaluate -8 - (4 - 20) - (3 - -7) - 16.
-18
(-18 - (-19 + 14)) + 2
-11
2 - (-13 - -4) - (1 + 0) - 5
5
(9 - 20) + 26 + -1
14
What is the value of (0 - 7 - -1 - (-234 - -231)) + -8?
-11
What is (-2 - 0 - -9) + -7 + (2 - 11)?
-9
Evaluate 4 - (28 + (-12 - 18)).
6
-10 - (-6 - -18 - 27)
5
What is 23 - 4 - (-52 - -55)?
16
Evaluate 25 - (-6 + 7 - -4 - (2 - -6)).
28
-4 - (-10 - (-3 - 7))
-4
Calculate 32 + 13 + -28 + -17.
0
What is the value of -1 + 15 + (180 - 190) - -7?
11
What is the value of 7 + -11 + (-2 - 5) + 10?
-1
Evaluate 5 + 2 - (29 - 25) - -17.
20
Evaluate 36 + -25 + 4 - (4 - 0).
11
-6 - ((22 - 23) + (-1 - 9))
5
-18 - -1 - (-109 + 60 + 30)
2
What is (-23 + -12 - -16) + 4?
-15
Evaluate 14 + -7 + (1 - (10 - 4)).
2
Evaluate 18 - 0 - (334 - 353) - 1.
36
Calculate -14 + 1 + (117 - 114).
-10
What is (10 - (0 - (7 + -5)) - -4) + -5?
11
(5 - 5) + 8 + 4 + 13
25
Evaluate -15 + (-17 - -37) - 13.
-8
-8 + (-90 - -76) + (0 - -6)
-16
What is the value of -7 + -9 + 12 + (4 - 29)?
-29
(9 - (-5 + 31)) + (3 - -42)
28
-6 + 19 + -65 + 30
-22
What is -5 + -1 + (6 - (-1 - -4 - 4))?
1
What is the value of 15 + -13 + 22 + -6?
18
29 + 1 - (-472 + 488) - 22
-8
4 + -2 + 5 + 2
9
What is the value of 7 - (20 - (-5 + 8))?
-10
-56 + 33 + -27 + 9
-41
What is the value of -4 + -3 + -4 + 3 + 9?
1
Calculate (1 - 0 - -18) + (22 - 47) + 19.
13
What is -14 - (-4 - -13 - -3) - (2 + -5)?
-23
-4 + -4 - (6 - -12 - -4)
-30
What is -22 + -1 + (16 + -1 - (608 + -591))?
-25
What is 10 - (18 + 1 - (-9 + 15))?
-3
Calculate -22 + (-4 - (3 - 9) - (19 - 22)).
-17
(-2 - 0) + -8 + (3 - 4 - -32)
21
Calculate 20 - (-94 - -47 - -47).
20
What is the value of 27 - 6 - 39 - -17?
-1
What is -7 + (10 - (19 - 2) - (-22 + 1))?
7
-643 - -650 - ((1 - 0) + 14)
-8
What is the value of -3 + -1 + (-7 - (6 + -6 - 4))?
-7
Calculate (-24 - (1 - -10)) + 19.
-16
What is 1 - (-5 - -21) - (-1 + 0 + -1)?
-13
Calculate -1 + 0 - (-21 + -7 + 15) - 6.
6
What is the value of (14 - ((3 - -38) + -15)) + -2 + -4?
-18
What is 8 - 0 - (-15 - (7 - 52))?
-22
What is (25 - (1 - -3)) + 13 + (0 - 13)?
21
Calculate -16 + (32 + -27 - 12).
-23
Evaluate 19 - (-18 + 14 - -37).
-14
Calculate 18 + -15 + -4 + 1.
0
-129 + 168 + -11 + 0
28
Calculate 11 + (-3 - -4) + -3 + (1 - 1).
9
What is the value of (5 - 0) + (-1 - 9 - -14 - 2)?
7
What is the value of 11 + (-22 - -6) + 3?
-2
What is the value of (6 - (-4 + 2 + 10)) + -13?
-15
Calculate (-12 - 1 - -13) + 13 - 25.
-12
Evaluate 13 - 16 - (4 - -6).
-13
Calculate 47 + -29 + -2 + -18.
-2
-1 + -27 + (-17 - (-22 - 7))
-16
Evaluate (-10 - -42) + (0 - 4) - 9.
19
Calculate -14 - (-9 + 2) - -10.
3
Calculate (-5 - 0) + 3 - -8 - 6.
0
Calculate 14 + (20 - 37) - -2.
-1
-40 - -32 - (3 - 21)
10
Calculate (-16 - -23) + -11 + (6 + -4 - -3).
1
Evaluate -3 - (2 - (-12 - -8)) - -15.
6
-1 - ((-20 - -34) + -17)
2
Evaluate 5 + (-7 - 0) - (18 + (-44 - -9)).
15
Calculate 1 - 1 - 1 - (45 - 32 - 20).
6
What is (-5 - 25 - -38) + 0 + -2?
6
What is -6 + 12 + -27 + (0 + -4 - 1)?
-26
Calculate -2 - ((7 - -2) + 9) - (-1 - 0).
-19
What is -2 + 18 + (8 - (49 - -2))?
-27
15 - (-14 + (-3 - -11) + (15 - 14))
20
What is the value of (36 + -15 - 12) + 2?
11
Calculate 13 + (-6 - 4) + (0 - -3).
6
(1 - (5 - 2)) + -22 + 7
-17
What is 0 + 0 - (5 + (-51 - -46))?
0
16 + (-5 - 0) + -11 + 9 + 4
13
Calculate (-21 - -5) + (-11 - -2) + 15.
-10
What is the value of -29 + 12 + (7 + -2 - 0)?
-12
Calculate -1 - -30 - (24 - (35 - (-20 + 40))).
20
What is the value of 11 + (6 + 3 - 5) + (1 - 4)?
12
Calculate 10 + -12 + (-1 + 1 - 4).
-6
7 + (-8 - (-6 + -5 + 4))
6
Calculate (-6 - ((6 - -5) + -6) - -9) + 21.
19
Calculate (1 + -1 - 4) + (10 - -7) + -34.
-21
Calculate (-5 - (-3 - -1 - -1)) + -277 + 284.
3
What is -14 - ((15 - 18) + -8)?
-3
Calculate -1 - -7 - (15 - 9).
0
9 + -2 - (30 - (41 - 7))
11
Evaluate (5 + -28 - -11) + 10.
-2
What is -15 + (-28 - -20 - -27)?
4
Evaluate -22 + (1 - (7 - 23)).
-5
What is the value of (83 - 60) + -30 - (0 - (-1 - 2))?
-10
What is -5 + -1 - (31 + (-69 - -40))?
-8
What is the value of 3 + (-2 + -3 - (-3 + 2 - -2))?
-3
Calculate 0 + (1 - 12) + -1 + -15 + 22.
-5
Calculate 74 + -39 + (-20 - 0).
15
What is -27 + 56 + -31 + -2 + 24?
20
Evaluate (21 - 8 - 9) + -9 - 4.
-9
6 + -3 + 9 + -15 - -2
-1
(74 - 59) + 1 + 0 + 5
21
What is the value of 10 + -3 - 13 - (-10 - (2 + 0))?
6
Calculate 11 + (-7 + (5 - -4) - 6).
7
Evaluate 17 - (70 + -42 + 13).
-24
Calculate 8 + (2 - -4 - 17 - 10).
-13
Evaluate 4 + (-8 + 21 - 7 - 25).
-15
What is the value of -9 + (-20 - -15) + -5 + 9?
-10
What is the value of (-5 + -2 - (2 + -16 - -8)) + -7?
-8
Evaluate 4 + (6 - 7) - (5 + 11).
-13
Evaluate 4 - (-21 - (-11 - -3)).
17
Evaluate 10 - (13 - (-1 + 7)).
3
Evaluate 22 + -7 + (6 - ((-2 - -6) + 2)).
15
What is 0 + 2 - (2 + 14 + (5 - 12))?
-7
Calculate 7 + -2 + (21 - 21) - (-13 - -26).
-8
(-6 - 44 - -1) + 18
-31
What is the value of ((4 - 2) + 2 - 0) + 59 + -64?
-1
What is the value of -55 - -74 - (5 + -4 + 3 + 5)?
10
Calculate -10 + 40 + -10 + -14.
6
What is the value of (-15 - -25) + -4 + (2 - 11)?
-3
What is the value of -4 + (10 - 6) + 12 - (10 - 19)?
21
Evaluate 6 + (-4 - -1) + -18 + 16 + -2.
-1
What is the value of 10 - (5 - (-3 + -1)) - (1 - 0)?
0
What is 14 - -1 - (47 - (1 + 2))?
-29
What is -20 + ((15 - 1) + (-5 - 4) - 9)?
-24
Calculate -9 - (0 - -2 - (9 - (5 + -1))).
-6
Calculate (5 + -14 - -20) + 3 + 6 + -5.
15
(-11 - -16) + (-3 - (-4 + 0)) + -18
-12
(-21 - -68 - 40) + (1 - 21)
-13
Evaluate 31 - (36 + 1 - -18).
-24
What is the value of -9 + 10 + 10 + 4 + -8?
7
Calculate (9 - 1) + -106 + 96.
-2
(-9 + 35 - 8) + -11 + -11
-4
Calculate -7 + (18 - 7) - 8.
-4
2 + -1 + -2 - (-1 + -1 - 4)
5
3 + 10 + 0 + 156 + -150
19
What is the value of -8 + (-13 - (0 + -5)) + 17?
1
What is (-11 - (4